14)?
26
Let t(q) = q**2 - 111*q - 70639. What is t(327)?
-7
Let d(z) = -9*z**2 - 6*z + 7. Determine d(-3).
-56
Let w(t) = -2*t**2 - 158*t - 1269. Determine w(-70).
-9
Let j(s) = 4*s**2 - 18*s + 122. Calculate j(11).
408
Let y(i) = -i**3 + 76*i**2 + 153*i + 116. Calculate y(78).
-118
Let o(u) = u**3 + 6*u**2 + 46*u + 216. Give o(-5).
11
Let y(d) = 15*d**3 + 9*d**2 - 22*d - 2. Give y(2).
110
Let k(v) = -11*v**3 + 3*v**2 - 7*v + 8. What is k(3)?
-283
Let i(f) = -5*f**2 - 226*f + 676. What is i(-48)?
4
Let l(h) = -63*h - 641. Determine l(-11).
52
Let o(c) = -2355*c + 113044. Calculate o(48).
4
Let o(p) = -p**2 + 2*p + 1150. Determine o(-33).
-5
Let d(q) = -102*q**2 + 133*q - 35. What is d(1)?
-4
Let w(n) = n**3 - 10*n**2 - 159*n + 1407. What is w(8)?
7
Let s(j) = 6400*j + 12805. Give s(-2).
5
Let v(d) = -35*d + 582. Give v(19).
-83
Let i(x) = -3*x**2 - 150*x - 667. Determine i(-45).
8
Let a(l) = -l**2 + 34*l + 24. Give a(35).
-11
Let n(c) = -170*c + 1333. What is n(10)?
-367
Let w(u) = 122*u + 6938. Calculate w(-57).
-16
Let m(t) = -2*t**2 - 41*t + 24. Give m(0).
24
Let u(f) = -f**2 - 31*f + 619. Give u(14).
-11
Let f(n) = -2*n - 197. Determine f(-146).
95
Let y(j) = -57*j + 7252. Give y(124).
184
Let q(m) = 21*m - 159. What is q(28)?
429
Let i(n) = -n**3 + 13*n**2 - 46*n + 108. Determine i(9).
18
Let f(p) = p**2 - 409*p - 8583. What is f(-20)?
-3
Let s(t) = 27*t + 7. What is s(-2)?
-47
Let n(o) = 6*o**2 + 31*o - 229. What is n(5)?
76
Let x(m) = 7*m**2 - 54*m + 21. Determine x(8).
37
Let w(c) = -151*c + 934. Determine w(6).
28
Let k(u) = u**2 + 41*u + 202. What is k(-35)?
-8
Let y(z) = 125*z - 1434. What is y(11)?
-59
Let p(m) = m**3 + 152*m**2 + 731*m - 565. Give p(-147).
23
Let a(y) = -134*y - 12448. Calculate a(-93).
14
Let u(t) = t**2 - 14*t - 41. Give u(-3).
10
Let y(x) = 53*x**2 + 96*x + 97. Give y(-1).
54
Let d(g) = -3*g - 57. Determine d(11).
-90
Let h(q) = -188*q + 747. Give h(4).
-5
Let q(i) = i**3 + 35*i**2 + 445*i + 12513. What is q(-33)?
6
Let j(q) = 58*q + 891. What is j(-15)?
21
Let n(b) = 24*b - 691. What is n(25)?
-91
Let n(v) = -v**2 - 75*v - 992. What is n(-58)?
-6
Let g(h) = -h**3 - 42*h**2 + 124*h - 569. Determine g(-45).
-74
Let j(g) = -g**2 - 93*g - 927. Give j(-12).
45
Let w(l) = -2371*l - 14241. Determine w(-6).
-15
Let m(t) = -t**3 + 310*t**2 - 2105*t - 4843. Give m(303).
5
Let q(z) = z**3 - 12*z**2 - 44*z - 16. Calculate q(15).
-1
Let h(s) = -s**3 - 8*s**2 + 140*s + 915. What is h(-6)?
3
Let l(r) = 13*r**2 - 569*r + 1136. Calculate l(2).
50
Let i(x) = x**2 + 140*x + 4880. Give i(-65).
5
Let w(v) = -95*v + 10544. Give w(111).
-1
Let j(m) = -m**3 - 13*m**2 - 14*m - 187. What is j(-13)?
-5
Let o(c) = 5*c**2 + 59*c + 17. Determine o(-12).
29
Let c(v) = -775*v + 12396. What is c(16)?
-4
Let j(o) = -356*o - 13181. What is j(-37)?
-9
Let l(h) = h**3 + 26*h**2 + 44*h - 87. Determine l(-24).
9
Let i(t) = 22*t**3 - 2*t**2 - 10*t + 18. Give i(2).
166
Let m(o) = -103*o**2 + 4014*o + 128. Give m(39).
11
Let x(s) = 2*s**2 - 66*s + 9. Calculate x(34).
77
Let u(f) = f**3 + 20*f**2 - 12*f + 53. What is u(-21)?
-136
Let w(a) = -2*a**2 - 15*a - 14. Give w(-7).
-7
Let m(t) = t**3 - 45*t**2 + 50*t - 243. What is m(44)?
21
Let z(b) = 61*b + 463. Determine z(-6).
97
Let q(f) = -3*f**2 + 63*f + 40. Give q(16).
280
Let r(d) = -d**2 - 67*d - 361. Give r(-61).
5
Let t(q) = -q**3 + 133*q**2 - 386*q - 9. Give t(3).
3
Let g(t) = -4*t**2 - 66*t - 11. What is g(-17)?
-45
Let g(l) = 288*l**3 - 3*l**2 + 2. Give g(-1).
-289
Let h(o) = -o**3 + 2*o**2 - 10. What is h(3)?
-19
Let w(u) = -3*u**2 + 26*u - 15. Give w(12).
-135
Let m(t) = -11*t + 133. Determine m(4).
89
Let p(l) = -2*l**3 + 13*l**2 + 23*l - 5. Give p(8).
-13
Let g(p) = 37*p + 2236. Calculate g(-61).
-21
Let g(w) = 1138*w + 19266. Give g(-17).
-80
Let x(w) = -w**2 - 18*w + 284. Determine x(-28).
4
Let i(d) = 9769*d + 136758. What is i(-14)?
-8
Let y(m) = -8669*m + 17350. Calculate y(2).
12
Let b(x) = 50*x + 4507. Determine b(-90).
7
Let j(l) = l**3 + 20*l**2 + 93*l - 18. Give j(-8).
6
Let w(q) = 26*q + 1121. Give w(-37).
159
Let i(o) = -o**3 + 54*o**2 - 53*o - 220. Determine i(53).
-220
Let i(b) = -2*b**3 + 16*b**2 + 23*b - 4. Give i(10).
-174
Let t(s) = -451*s - 1467. What is t(-3)?
-114
Let y(o) = -o**2 - o + 2552. Give y(50).
2
Let p(g) = -525*g + 9505. Calculate p(18).
55
Let d(g) = 2*g - 51. Give d(18).
-15
Let w(p) = -19*p**3 + 3*p**2 - 27*p - 30. What is w(-1)?
19
Let c(i) = i**3 - 9*i**2 + 8*i. Calculate c(1).
0
Let v(c) = -662*c - 5291. Determine v(-8).
5
Let r(i) = -350*i - 1754. What is r(-5)?
-4
Let g(o) = -o**2 - 53*o - 184. Calculate g(-60).
-604
Let z(o) = -66*o + 2959. Determine z(45).
-11
Let j(a) = 168*a + 5548. What is j(-33)?
4
Let f(n) = 29*n + 29. Give f(0).
29
Let x(m) = -10*m**2 - 157*m - 112. What is x(-15)?
-7
Let k(z) = -38*z + 1260. Give k(39).
-222
Let p(n) = 18*n**3 + n - 8. Give p(2).
138
Let r(t) = t**2 - 260*t - 30. What is r(0)?
-30
Let s(a) = 2*a**2 - 63*a + 189. Calculate s(29).
44
Let q(u) = -22*u + 340. What is q(15)?
10
Let h(l) = l**2 + 25*l + 156. Give h(-14).
2
Let d(w) = -4*w**3 - 4*w**2 + 153*w + 155. Determine d(-1).
2
Let a(o) = -o**3 - 72*o**2 + o + 152. Determine a(-72).
80
Let k(x) = -204*x - 5095. What is k(-25)?
5
Let d(k) = 5*k**3 - 59*k**2 - 16*k - 5. Calculate d(12).
-53
Let v(h) = 12*h - 61. What is v(9)?
47
Let b(k) = k**3 + 10*k**2 - 4*k + 24. Give b(-8).
184
Let g(o) = -123*o + 5679. Determine g(46).
21
Let j(w) = -70*w + 413. Give j(5).
63
Let k(i) = i**2 + 20*i - 1827. What is k(34)?
9
Let w(r) = -r**2 - 36*r - 304. Give w(-22).
4
Let f(a) = 2*a**3 - 6*a**2 - 13*a - 43. Determine f(6).
95
Let d(n) = n**3 - 5*n**2 + 12. Determine d(0).
12
Let v(a) = -a**3 + 11*a**2 + 24*a - 64. Calculate v(11).
200
Let j(d) = 220*d - 436. Calculate j(2).
4
Let a(y) = y**3 - 41*y**2 + 114*y + 57. What is a(38)?
57
Let r(t) = t**3 + 10*t**2 - 49*t + 14. What is r(-14)?
-84
Let r(w) = -193*w + 92. Determine r(3).
-487
Let x(v) = 32*v + 629. What is x(-22)?
-75
Let s(d) = -d**2 + 21*d - 9. Determine s(22).
-31
Let i(t) = -2*t**3 + 92*t**2 - 7*t + 320. What is i(46)?
-2
Let f(v) = -4*v**2 - 23*v - 8. Determine f(-7).
-43
Let b(u) = -23*u**2 - u + 3. Give b(2).
-91
Let t(h) = -129*h + 2445. What is t(19)?
-6
Let x(p) = 106*p + 2331. Give x(-22).
-1
Let r(p) = -572*p + 4585. Give r(8).
9
Let q(u) = -u**2 - 36*u - 288. Calculate q(-18).
36
Let y(h) = 50*h - 898. What is y(18)?
2
Let s(d) = 17*d + 1366. Determine s(-100).
-334
Let j(s) = -8*s**2 + 217*s + 4. Give j(27).
31
Let u(j) = -3*j**2 - 142*j - 575. Calculate u(-43).
-16
Let d(b) = -b**3 - 11*b**2 + 27*b + 235. Give d(-12).
55
Let r(b) = -47*b - 2240. Determine r(-48).
16
Let s(u) = 17*u - 159. Determine s(4).
-91
Let v(b) = 11*b**3 + 89*b**2 + 11*b + 17. Calculate v(-8).
-7
Let v(i) = -58*i**3 + 17*i**2 - 21*i + 3. What is v(1)?
-59
Let g(m) = -31*m - 256. Determine g(-8).
-8
Let y(p) = 14*p + 203. Determine y(10).
343
Let f(l) = l**3 - 56*l**2 + 638*l + 28. Calculate f(16).
-4
Let a(r) = r**3 - 12*r**2 + 20*r - 173. What is a(13)?
256
Let n(a) = -a**2 - 50*a - 609. Determine n(-23).
12
Let o(x) = -18*x**3 - 3*x**2 - 37*x + 76. Calculate o(2).
-154
Let j(k) = 18*k - 590. Calculate j(29).
-68
Let p(a) = -4*a + 911. What is p(42)?
743
Let z(r) = 8*r + 165. Calculate z(-32).
-91
Let x(w) = -17*w - 42. Calculate x(10).
-212
Let k(o) = 6*o**2 - 42*o - 428. Give k(-7).
160
Let c(m) = -3*m + 174. Calculate c(63).
-15
Let m(n) = 2*n**3 - 11*n**2 - 151*n + 791. Give m(5).
11
Let m(y) = -12*y**2 + 449*y + 261. What is m(38)?
-5
Let c(x) = -3*x**2 - 18*x + 28. Calculate c(-7).
7
Let x(k) = -k**3 - 74*k**2 - 71*k + 135. Determine x(-73).
-11
Let u(g) = -7*g - 293. What is u(-12)?
-209
Let l(w) = -w**2 - 82*w - 815. Determine l(-71).
-34
Let i(q) = q**3 - 35*q**2 + 40*q - 12. Give i(34).
192
Let m(j) = 11*j**3 - 1375*j**2 + 2*j - 259. What is m(125)?
-9
Let l(n) = -n**3 - n**2 - 3*n + 5. Calculate l(1).
0
Let p(w) = 14*w - 64. Calculate p(1).
-50
Let y(z) = 2*z**3 + 3*z**2 + 2. Determine y(3).
83
Let g(l) = -l**3 - 35*l**2 - 35*l + 46. Calculate g(-34).
80
Let x(s) = 23*s - 187. Determine x(11).
66
Let m(x) = -x**3 - 13*x**2 + 3*x + 109. Give m(-6).
-161
Let q(k) = 15*k - 380. Give q(32).
100
Let m(h) = -h**3 - 27